d 811?
811
What is the greatest common factor of 11625 and 18?
3
What is the highest common divisor of 94851 and 729?
81
Calculate the greatest common factor of 135456 and 984.
24
What is the highest common divisor of 1287252 and 36?
36
What is the greatest common factor of 504 and 109144?
56
What is the highest common divisor of 70253 and 30601?
431
Calculate the highest common factor of 42 and 4586.
2
Calculate the highest common divisor of 114 and 38323.
19
What is the greatest common divisor of 38376 and 351?
117
What is the highest common divisor of 465 and 4725?
15
What is the highest common factor of 143 and 2178?
11
What is the greatest common factor of 7857 and 7275?
291
What is the greatest common divisor of 4223520 and 4?
4
Calculate the greatest common factor of 80 and 45616.
16
Calculate the greatest common divisor of 14 and 252049.
7
What is the highest common divisor of 401172 and 9696?
1212
What is the highest common factor of 13547 and 37789?
713
Calculate the greatest common factor of 64 and 1156.
4
Calculate the highest common factor of 25215 and 315.
15
Calculate the greatest common divisor of 166311 and 306.
153
Calculate the highest common divisor of 35669 and 1007.
53
What is the greatest common divisor of 48 and 49179?
3
Calculate the greatest common factor of 172722 and 176.
22
What is the highest common divisor of 4104 and 4864?
152
What is the highest common divisor of 80 and 408080?
80
What is the greatest common factor of 2673 and 1188?
297
Calculate the highest common factor of 792407 and 11.
11
Calculate the highest common divisor of 1833 and 15933.
141
What is the greatest common factor of 14217 and 337823?
677
Calculate the highest common factor of 933270 and 780.
390
Calculate the highest common divisor of 30313 and 7.
1
What is the highest common divisor of 3060 and 1853340?
1020
What is the greatest common factor of 2624 and 82?
82
What is the greatest common divisor of 1904460 and 60?
60
What is the highest common divisor of 52740 and 360?
180
Calculate the highest common divisor of 781 and 56587.
71
What is the highest common factor of 2160 and 297?
27
What is the highest common factor of 2079 and 8748?
27
What is the greatest common divisor of 24 and 3488?
8
What is the highest common factor of 612 and 1309833?
153
Calculate the highest common factor of 3892 and 40.
4
Calculate the greatest common factor of 2242 and 1368.
38
What is the greatest common factor of 65943 and 153?
153
What is the highest common factor of 389 and 926209?
389
Calculate the highest common divisor of 202283 and 326.
163
Calculate the highest common divisor of 2079 and 1485297.
297
Calculate the highest common factor of 153396 and 72.
36
Calculate the greatest common factor of 77 and 1692229.
77
Calculate the greatest common factor of 29 and 2813.
29
Calculate the greatest common factor of 11 and 233431.
11
Calculate the greatest common divisor of 51425 and 1649.
17
Calculate the highest common divisor of 78880 and 1156.
68
Calculate the highest common factor of 5782942 and 166.
166
What is the greatest common divisor of 13260 and 19110?
390
Calculate the highest common divisor of 363 and 49610.
121
What is the greatest common factor of 412945 and 65?
65
What is the highest common factor of 594 and 5247?
99
What is the highest common factor of 109 and 4406107?
109
Calculate the highest common factor of 7739 and 4578.
109
Calculate the highest common divisor of 4 and 37934.
2
Calculate the greatest common factor of 530 and 5569770.
530
Calculate the greatest common divisor of 166615 and 1.
1
What is the highest common factor of 34276 and 348612?
836
What is the highest common factor of 936 and 134537?
13
Calculate the highest common factor of 358873 and 82.
41
What is the highest common divisor of 1110 and 536574?
222
Calculate the highest common divisor of 832 and 594256.
208
What is the greatest common divisor of 125704 and 24?
8
What is the highest common divisor of 149895 and 1125?
45
What is the highest common divisor of 17 and 425680?
17
What is the greatest common divisor of 2776576 and 1276?
1276
What is the highest common divisor of 1184 and 419580?
148
Calculate the highest common divisor of 1682103 and 9.
3
What is the highest common factor of 8413 and 6815?
47
What is the highest common factor of 975 and 78675?
75
What is the highest common factor of 392214 and 7074?
786
Calculate the greatest common divisor of 16796 and 58292.
988
Calculate the greatest common divisor of 61 and 937997.
61
What is the highest common divisor of 3294 and 756?
54
What is the highest common divisor of 11 and 257246?
11
What is the highest common factor of 9 and 64359?
9
Calculate the greatest common divisor of 2405 and 312169.
481
What is the greatest common divisor of 46231 and 2785?
557
Calculate the highest common factor of 405 and 23733.
81
Calculate the highest common factor of 3680 and 36340.
460
Calculate the highest common factor of 119 and 1343068.
17
What is the greatest common divisor of 6 and 60285?
3
Calculate the greatest common divisor of 72760 and 765.
85
Calculate the greatest common factor of 28926 and 54.
18
What is the highest common factor of 324567 and 24?
3
What is the highest common factor of 705600 and 560?
560
What is the greatest common divisor of 8 and 5156?
4
Calculate the highest common factor of 5647 and 29.
1
What is the highest common divisor of 324 and 2441988?
324
Calculate the highest common divisor of 1688 and 1208.
8
Calculate the greatest common factor of 975 and 27050.
25
Calculate the greatest common divisor of 21315 and 1785.
105
What is the highest common divisor of 933 and 2055399?
933
Calculate the greatest common divisor of 1146516 and 126.
42
Calculate the greatest common divisor of 28907 and 959.
137
What is the greatest common factor of 667 and 47449?
23
Calculate the highest common divisor of 72 and 766664.
8
What is the greatest common factor of 184 and 48622?
46
Calculate the highest common divisor of 31119 and 3157.
451
Calculate the highest common divisor of 62744 and 31.
31
Calculate the greatest common factor of 6669 and 7137.
117
Calculate the greatest common divisor of 630 and 23472.
18
What is the highest common divisor of 252 and 423318?
42
Calculate the highest common factor of 36317 and 23.
23
Calculate the highest common factor of 3 and 2023.
1
Calculate the highest common divisor of 4498973 and 116.
29
Calculate the highest common divisor of 56 and 912.
8
Calculate the greatest common divisor of 66800 and 240.
80
Calculate the greatest common divisor of 48 and 111912.
24
What is the highest common divisor of 9021 and 679?
97
Calculate the greatest common factor of 120 and 193872.
24
What is the highest common divisor of 26606 and 530?
106
Calculate the highest common factor of 6500 and 89076.
52
What is the greatest common divisor of 13530 and 2266?
22
What is the greatest common divisor of 12200 and 21575?
25
What is the highest common divisor of 875 and 4975?
25
Calculate the highest common divisor of 15842 and 2403.
89
What is the highest common factor of 64692 and 216?
108
Calculate the highest common factor of 110 and 17120.
10
Calculate the greatest common divisor of 420 and 6000.
60
Calculate the highest common factor of 14 and 4901750.
14
What is the greatest common divisor of 1008 and 1743?
21
What is the highest common factor of 1443 and 4773?
111
What is the highest common divisor of 77712 and 240?
48
Calculate the highest common factor of 78432 and 384.
96
Calculate the greatest common factor of 163476 and 72.
36
What is the greatest common divisor of 280 and 3592?
8
Calculate the highest common divisor of 476 and 84.
28
Calculate the highest common factor of 4055689 and 733.
733
Calculate the greatest common factor of 16293631 and 1457.
1457
Calculate the highest common divisor of 221353 and 33.
11
Calculate the greatest common divisor of 73427 and 303.
101
What is the greatest common divisor of 34467 and 12?
3
Calculate the highest common divisor of 3256 and 1639.
11
Calculate the greatest common divisor of 142891 and 12467.
959
What is the highest common factor of 98331 and 1095?
219
What is the greatest common divisor of 371651 and 7?
7
What is the highest 